 - 4*m - 6*m - 5*m. What is t(5)?
5
Let k(h) = h - 14. Let l be -7 + 6 + 3 + 2. Let c be (-420)/(-24) - (-2)/l. Suppose -c = -3*j + 3. Give k(j).
-7
Suppose 3*c - 2 = 2*c. Let t(k) = -11*k**2 + c*k**2 + 1 + k**2 + 7*k**2 + 5*k. Determine t(6).
-5
Let o be ((-4)/(-5))/((-6)/(-15)). Let f be -2 + 0 + 2/o. Let q(s) = -4*s - 3. Let z(d) = -1. Let x(w) = q(w) - 4*z(w). Determine x(f).
5
Let k(p) = p**3 - 4*p**2 - 7*p + 2. Let g(f) = 4*f**2 + 16*f + 5. Let d be g(-4). What is k(d)?
-8
Let n be 0 - (-2 + (1 - 1)). Let t(j) = -j**3 + 5*j**2 + 5*j - 2. Let q be t(6). Let b = n + q. Let r(o) = -o**3 - 7*o**2 - 6*o - 2. What is r(b)?
-2
Let i be 192/(-56) + (16/(-14))/2. Let a(w) be the second derivative of -w**5/20 - w**4/3 + w**3/2 + 2*w**2 - 2*w. Give a(i).
-8
Let z be (1/2)/(((-81)/6)/27). Let f(t) = -t - 3. What is f(z)?
-2
Let m(v) = -3*v**2 + 3*v - 2*v - 4*v**3 - 1 + 5*v**3. Suppose 0 = 2*b - 22 + 12. Suppose -35 = -b*p - 4*l, 3 = -p - 3*l + 21. Determine m(p).
2
Let q(g) = -g**3 + g**2 - 2*g. Let m = -52 + 89. Let k = m - 35. Suppose -k*w + 9 = -5*w + 3*l, 0 = -3*w - l + 11. Calculate q(w).
-8
Let o(q) = -q**3 + 5*q**2 - 11*q + 21. Let u be 7 - (2/(-8))/(5/(-60)). What is o(u)?
-7
Let z(n) be the third derivative of 5*n**4/24 - 23*n**3/6 + 171*n**2. Determine z(4).
-3
Suppose 5*n - 3*d = 47, 2*n - 3*d - 19 = n. Let w(y) = -y**2 + 16*y + 8. Calculate w(n).
71
Suppose 4*j - 24*l = -22*l, -2*j + 12 = -4*l. Let i(x) = -3*x - 6. Determine i(j).
0
Let b(u) = -u**2 - u + 9. Let z(x) = -1. Suppose 0 = -j - 0*j + 4. Let g(v) = -v**2 - 7*v - 5. Let n be g(-6). Let f(l) = j*z(l) + n*b(l). Determine f(-5).
-15
Let u(l) = -132*l**2 - 10 - 3*l - 138*l**2 + 271*l**2. Calculate u(8).
30
Let r(y) = y**3 - 4*y**2 + 3*y - 1. Suppose 0 = 5*c - 2 - 18. Let q be (4 - 5) + c*1. Give r(q).
-1
Let r(q) = -2*q + 10 + 3*q - 2*q. Let u(v) = 0*v - 21 + 71 - 5*v. Let s(n) = 11*r(n) - 2*u(n). What is s(5)?
5
Let w(d) = -d**2 - 9*d - 8. Let k be w(-7). Let s(c) be the second derivative of -c**3/3 + 9*c**2/2 - 26*c + 5. What is s(k)?
-3
Let w be (-15*5/30)/((-2)/(-4)). Let b(m) be the first derivative of m**3/3 + 3*m**2/2 + 5*m + 1. What is b(w)?
15
Let n(q) = 8*q + q**2 + 5 + 0*q + 0*q + 0*q**2. Determine n(-6).
-7
Let f(c) = -2*c**3 + 6*c**2 - 6. Let z be f(3). Let p(m) = m**2 + 4*m - 14. Give p(z).
-2
Let h(f) = -4 + f**2 + 4*f + 1 + 7*f - 6*f. Calculate h(-6).
3
Let k(j) be the first derivative of -j**4/4 + 8*j**3/3 + 9*j**2/2 + j + 100. Let a be -1*(-2 + (-14)/2). What is k(a)?
1
Let a(r) = -8*r - 7. Let c(l) = -8*l - 8. Let j(v) = 7*a(v) - 6*c(v). Determine j(3).
-25
Let w(k) = -6*k - 9 + 8*k + 8. Calculate w(-3).
-7
Let s(p) = 2*p + 16. Let z be s(-17). Let u be 54/243 + (-32)/z. Let h(m) = -m**2 + 2. Calculate h(u).
-2
Let w(m) = m**2 - 7*m + 1. Suppose -5*i = -3*i + 96. Let g be (2/(-6))/(4/i). Calculate w(g).
-11
Let x(w) = 0*w**2 - 4*w**2 + 3 + 5*w**2 - 1 + 5*w. Let b(r) = r - 1. Let m(c) = -c**2 - c - 1. Let g be m(-1). Let l(j) = g*b(j) - x(j). What is l(-4)?
7
Suppose -48*o = -135 - 297. Let k(p) = p**3 - 10*p**2 + 10*p. Calculate k(o).
9
Let t(v) be the second derivative of -v**4/12 + v**3 + 3*v**2/2 + v. Suppose -24 = -9*j + 30. What is t(j)?
3
Let h be (4/12)/(2 - 38/18). Let o(t) = 14*t - 2. Let u(f) = 5*f - 1. Let k(x) = 4*o(x) - 11*u(x). Give k(h).
0
Let t(r) = -3. Let k(u) = 2. Let f(n) = 4*k(n) + 3*t(n). Let y(b) = b**3 - 3*b**2 - 5*b + 8. Let c(i) = -4*f(i) - y(i). Suppose h - 3 = 1. What is c(h)?
0
Let d(h) = -12*h**2 - 11*h + 9. Let z(v) = 5*v**2 + 5*v - 5. Let k(f) = 3*d(f) + 7*z(f). Calculate k(0).
-8
Suppose 0 = -423*y + 411*y + 72. Let d(r) = -r**3 + 7*r**2 - 8*r + 1. Give d(y).
-11
Suppose -2*n + 7 + 3 = 0. Let o(c) be the third derivative of 0 - 1/60*c**5 - 3*c**2 - 7/6*c**3 + 0*c + 1/4*c**4. Determine o(n).
-2
Let s = -857 + 856. Let i(t) = t**2 - 2*t - 2. Determine i(s).
1
Let f(m) = m - 13. Let o(p) = -4*p + 4. Let l be o(-5). Let w = -15 + l. What is f(w)?
-4
Let b(z) = -377*z + 367*z + 12 + 13. Let n(k) = 5*k - 13. Let j(l) = -6*b(l) - 11*n(l). Calculate j(6).
23
Let y(l) be the first derivative of -2*l**2 + 6*l - 152. What is y(-2)?
14
Let j(v) = -v**2 + 13*v - 9. Let t be (12/5 - 2) + 693/105. Calculate j(t).
33
Let l(i) = -4*i**3 + 3*i**2 - i - 2. Let q(x) = x**3 + 5*x**2 + 9*x + 11. Let t be q(-3). Calculate l(t).
-24
Let r(t) = 2*t + 9. Let k be -9 + -3 - (7 - 13). Give r(k).
-3
Let k be (2/(-5))/((-7)/(-2065)). Let h = k - -80. Let i = h + 37. Let x(a) = 2*a**2 + 1. What is x(i)?
3
Let d = -2007 + 2006. Let l(v) = -31*v**3 + v**2 - 1. Give l(d).
31
Let m(b) = -b**2 + 6*b + 9. Let o be (-730)/4 - (-10)/20. Let r be (1/(-2))/(13/o). Determine m(r).
2
Let b(z) be the third derivative of z**9/60480 - z**8/2880 + z**7/840 - z**6/80 - 43*z**5/60 - 31*z**2. Let f(h) be the third derivative of b(h). Give f(6).
-9
Let r(a) = a**3 - 8*a**2 + 9*a. Let p be r(7). Let w = 23 - p. Let g(i) = 10 - 1 + i - w - 4. Calculate g(-4).
-8
Let w(v) be the second derivative of -1/6*v**4 + 1/20*v**5 - 1/3*v**3 + 29*v + 0*v**2 + 0. Calculate w(2).
-4
Let c(b) = b + 1 - b + 4*b. Let r = -5 + 12. Suppose 3 = -4*v + r*v. Give c(v).
5
Let l(m) = -3*m**2 + 4*m - 2. Suppose 2*s = 3*i + 31, -4*s = 4*i - i - 17. Let v be -2*(-7)/s + (-4)/(-16). What is l(v)?
-6
Let x(c) be the first derivative of c**3/3 + 11*c**2/2 + 38*c - 15. Let m be x(-6). Let o(j) = -j**3 + 9*j**2 - 8*j + 3. Give o(m).
3
Suppose 15 = -t - 2*t. Let h(v) be the second derivative of v**4/12 + v**3 - v**2/2 - 7*v + 98. Determine h(t).
-6
Let b(d) = 5 + 6 - 3 + 1638*d - 1639*d. What is b(6)?
2
Suppose 2 = q - h, h - 6 = -7*q + 4*q. Suppose -q*d + 10 = 3*d. Let j(c) = -c**2 + 4 - c**3 - 3*c**d + 2*c + 1 + c. Determine j(-4).
-7
Let z(h) = h**2 + h - 5. Suppose -l = 4, -5*r + 5*l + 23 = 3. Let t(c) = -4 - c**2 - 3*c**2 + 3*c + c**3 + 0 + r*c. Let n be t(3). Determine z(n).
7
Let x(u) = 6*u**2 - 7*u - 7. Let z(i) = -i**3 + 2. Let j(b) = -x(b) + z(b). What is j(-7)?
9
Suppose -c + 6 = 4*h, 3*c - h + 108 = 100. Let o(y) = -y**3 + 4*y + 2. Calculate o(c).
2
Suppose -f + 13*f - 48 = 0. Let c(l) = -2*l**2 + 1. What is c(f)?
-31
Suppose 6 = -4*z - 6, 0 = 2*p - 2*z - 12. Suppose p*a = -0*a. Let c(r) = -r**3 + r**2 + r + 3. Calculate c(a).
3
Let t(m) = m**2 - 3*m + 20. Let g(x) = x**2 - 2*x + 23. Let l(j) = 4*g(j) - 5*t(j). Determine l(6).
-2
Let w(h) = -h**2 - 2*h - 4. Let f = -45 + 45. Suppose f = -0*v - 2*v - 2*u - 2, -2*v + 3*u - 17 = 0. Give w(v).
-12
Let k(c) be the second derivative of c**5/20 + c**4/4 + 3*c**2/2 + c. Let r = 8507 + -8510. Give k(r).
3
Let a(v) = 11*v - 1. Let p(t) = 6*t - 19. Let r be p(3). What is a(r)?
-12
Let c(b) = -3*b**3 - 3*b - 2. Let f be c(-1). Suppose -3*v = p + 10, 4*p + f*v = -0*p. Let l(s) = -s**2 + 4*s + 6. Give l(p).
1
Let b(t) = 5*t + 24. Let v be ((-4)/3)/((-16)/648*-9). Calculate b(v).
-6
Let w(o) = -o**2 + 13*o - 9. Let s be (105/42)/((-2)/(-52)). Suppose 4*t = -2*r - 7 + s, 0 = 2*t - 2*r - 14. Give w(t).
3
Suppose -25 = l + 5*q, 2*l + 20 = -4*q - 6. Let w(f) = -2*f**2 + 6*f + 3. Let x be w(3). Let p(u) = 0 - x + 2 + 6 + u. Determine p(l).
0
Let k(h) = h**2 - 9*h - 11. Suppose -1872 = 6*d - 1932. What is k(d)?
-1
Suppose 8 = -6*x + 7*x. Let g(r) = -r**2 + 10*r - 12. Let d be g(x). Suppose -5*i = d*f + 1, -3*f - 2*i + 20 = 2*f. Let v(s) = s**2 - 7*s + 7. Give v(f).
1
Let g(m) = -2073*m**2 - 2074*m**2 + 4148*m**2. Determine g(-3).
9
Let z(i) = 2*i**2 + 4*i + 1. Suppose -15 = r - 18. Suppose -r*u - 6 - 3 = 0. Give z(u).
7
Let i = 28 + -21. Let d(t) = 4*t - 20. Let v(l) = -l + 7. Let b(c) = i*v(c) + 2*d(c). Give b(-8).
1
Suppose -17 = -6*n - 5. Suppose -n = 2*q + 4. Let m be 3/9 - (-1)/q. Let x(a) = a**3 - a**2 - a. Determine x(m).
0
Let n(y) = 17*y - 29. Let i(m) = -25*m + 42. Let o(s) = 5*i(s) + 7*n(s). Determine o(5).
-23
Let a be (-18)/5 + (-147)/(-245). Let c(l) be the second derivative of -l**4/12 + l**3/6 - l**2/2 + l. What is c(a)?
-13
Let v(h) = 6*h**3 + 12*h**2 + 11*h + 6. Let q(j) = 7*j**3 + 13*j**2 + 12*j + 6. Let n(d) = 5*q(d) - 6*v(d). Calculate n(-6).
-6
Let b(a) = -a**3 + 3*a**2 + a. Let n = 1421 - 1416. Calculate b(n).
-45
Let f(s) be the third derivative of s**2 + 0*s - 1/360*s**6 - 1/20*s**5 + 0*s**3 + 0 - 3/8*s**4. Let g(r) be the second derivative of